= -2, -2 = -z - 0*z + 4*v. Let t be 8/5*5/z. Suppose -t*r = -542 - 498. Is r a multiple of 52?
True
Is 4 a factor of (6 - 17469/9)*(-12)/15?
True
Suppose -5*s + 3*v + 4026 = 0, 5*v = -3*s - 1109 + 3511. Let m = 113 + s. Is m a multiple of 16?
False
Suppose -12*g + 10*g = -5*w - 5621, -g = 5*w - 2758. Is g a multiple of 7?
True
Is 20 a factor of (-1)/(2/(-16))*(617 - 107)?
True
Let m(q) = q**3 + 21*q**2 + 22*q + 40. Let y be m(-20). Let n(w) = 48*w + 144. Is n(y) a multiple of 5?
False
Let v = -554 - 87. Let o = -432 - v. Is o a multiple of 11?
True
Let o(d) = -d - 7. Let n be o(-10). Suppose 2*b = j + 2, -3*j - 3*b - 3 = -6. Suppose -12 = -3*a, n*x + 2*a + 3*a - 98 = j. Is 18 a factor of x?
False
Suppose -145*y + 200*y = 687610. Is 38 a factor of y?
True
Let g = -31762 - -87967. Is g a multiple of 30?
False
Suppose d + 4 = 5*u, -2*u = u. Is 10 a factor of (2 + 6/d)*(1 - -119)?
True
Let a = 126 + -122. Suppose -r = -a*r - 5*j + 949, j - 319 = -r. Does 19 divide r?
True
Suppose 0 = 3*i + 2*f - 26445, -5*f = -5*i - 4*f + 44075. Suppose -7481 = -12*y + i. Is y a multiple of 10?
False
Let r = -4181 + 48595. Does 203 divide r?
False
Suppose 4*v = -k + 7195, -18*k = -16*k - 2*v - 14390. Is 68 a factor of k?
False
Let d(b) = b + 5. Let v be d(0). Let n(p) = -5*p - 72. Let j be n(-16). Is v*4 - 32/j a multiple of 8?
True
Is 18 a factor of -14 + 3072 - (-1 + 1 - 2)?
True
Let s = 20433 + -8785. Does 8 divide s?
True
Let w(q) be the second derivative of q**5/20 + q**4/4 + 2*q**3/3 + 126*q**2 + 112*q. Does 18 divide w(0)?
True
Suppose -68*o - o + 138 = 0. Let j = -2 - -5. Suppose -j*t = o*m - 41, -4*m - 3*t + 66 = -25. Is m a multiple of 4?
False
Let m = -6 + 10. Suppose -11*h - 474 = -540. Is 4 a factor of (262/6 - 1)*h/m?
True
Does 11 divide (2 + -1201)/((-6)/(-192)*-8)?
True
Let j = -310 + 100. Does 34 divide ((-138)/(-10))/((-14)/j)?
False
Suppose -64 = -6*t - 46. Suppose 0 = -t*n + 4*l + 179, -n - 4*l = -9*l - 45. Does 3 divide n?
False
Is 144/88 + (-210510)/(-99) a multiple of 14?
True
Does 24 divide ((-16)/40)/((-47577)/19030 + 5/2)?
False
Suppose -3*x - 4*p = -2*x + 7, -4*x = 3*p + 2. Let b(a) = -a - 1. Let c(m) = -82*m + 7. Let o(i) = -6*b(i) - c(i). Is 29 a factor of o(x)?
True
Let b = 16 + -14. Suppose 0 = 3*z - 5*l - 7, -b*z + 5*l = -2 - 6. Let o = 28 - z. Is 14 a factor of o?
False
Let l = 25 + -13. Let x be (-2)/(-8) + 2013/l. Suppose -x = -2*m - 2*m. Is 7 a factor of m?
True
Let j(y) be the first derivative of 7*y**2 - 17*y + 9. Let z be j(4). Is (-1)/(2/z*(-15)/50) a multiple of 8?
False
Let a = 347 - -1206. Does 13 divide a?
False
Let i(r) = 18 - r - 4 - 4 + 25. Let n be i(17). Is ((-18208)/72)/(-4) - 4/n a multiple of 7?
True
Suppose 278638 = 37*r - 101574. Does 160 divide r?
False
Suppose -46 = -3*q + h + 271, -551 = -5*q - 4*h. Let v = q - 103. Suppose 20 = v*k, 9*k - 601 = -4*p + 4*k. Does 9 divide p?
True
Suppose -78*c + 166576 = -88406. Is c a multiple of 50?
False
Suppose -z + 5544 = z + 4*r, -13904 = -5*z + r. Suppose -3*d = 15, -5*l - 2*d - d = -z. Is l a multiple of 36?
False
Let k = 43462 - 21284. Does 64 divide k?
False
Let m(x) = -2*x + 8*x**2 - x**2 + 7*x**2 + 0*x**2 - 5. Let y(f) = 1. Let q(g) = m(g) + 5*y(g). Is 3 a factor of q(1)?
True
Let t(b) be the second derivative of -b**5/20 + 2*b**4/3 + b**3 - 8*b**2 + 3*b. Let y be t(8). Suppose -2*s = 2*p - 64, 0*p - 4*s = -p + y. Does 9 divide p?
False
Is 15 a factor of 10096*1 + (-14)/21*(-63)/(-6)?
False
Suppose 26*v + 19068 + 1212 = 0. Let z = -444 - v. Is z a multiple of 7?
True
Is 3*2024/(-12)*(31 - 41) a multiple of 63?
False
Suppose -11 = 2*f - 39. Let x(j) = j + 3 - f*j + j**2 + 12*j. Does 10 divide x(11)?
False
Suppose 0 = 5*p - 15 - 5. Suppose -36 - 52 = -p*l. Let j = l + -10. Is 2 a factor of j?
True
Suppose -u + 6308 = 41*k - 43*k, 3*k + 12 = 0. Does 76 divide u?
False
Suppose 0 = 4*u - 22 + 14. Let l = -6 + u. Does 9 divide l*3/6 - -11?
True
Let h = 4690 - -6305. Is 74 a factor of h?
False
Is 12310/6 + 1 + -6 + (-533)/(-123) a multiple of 6?
False
Let d = -789 - -793. Suppose 3*b + d*b = 4347. Is 23 a factor of b?
True
Let g(b) = -14*b - 3. Suppose 2*z + 2*y - 4*y = -2, 3*z = -2*y + 12. Let r be g(z). Let u = 59 + r. Is 7 a factor of u?
True
Let k(h) = h**2 - 11*h + 33. Let f be k(12). Suppose 48 = 2*n - 5*j + 7*j, 2*n - f = -5*j. Suppose x - n = -0*x. Is x even?
False
Let y(c) be the third derivative of c**5/12 - 3*c**4/4 + 11*c**3/2 - 40*c**2 + 3. Does 8 divide y(5)?
False
Is 92 a factor of (-1575)/5775 + 810112/22?
False
Suppose -6*d = -2*b - 3*d + 16509, -b + 8227 = 4*d. Suppose -19*k - 1559 = -b. Does 11 divide k?
True
Let d(p) = 2*p**2 - 8*p - 12. Let q be (-2 - 19)/(2/(6/(-3))). Suppose 0 = 4*m - m - q. Does 5 divide d(m)?
True
Let d = -42 + 14. Let u be (-33 - -3)*d/(-8). Let c = -63 - u. Does 6 divide c?
True
Suppose 4*d + x + 3835 - 26200 = 0, -d + 5589 = x. Is 24 a factor of d?
True
Is 3361*(13 - (16 - 4)) a multiple of 40?
False
Let n = -12 - -15. Suppose 3*a - 6 = 3*k, -5*k + n*a + 2 = 4. Suppose i = -k*x - x + 52, x + i = 20. Does 8 divide x?
True
Let z(v) = -49*v**2 + 15*v + v**3 + 49*v**2 + 22*v**2 + 12. Is z(-19) a multiple of 75?
False
Let k(w) = 59*w**3 - 6*w**2 - 13*w + 117. Is 145 a factor of k(5)?
False
Let a(v) = 79*v**2. Let n be a(1). Let w = n - 20. Does 59 divide w?
True
Let b(f) = 150*f**2 + 8*f - 6. Let j(p) = 4*p**2 - p - 1. Let m(x) = b(x) + 5*j(x). Is m(2) a multiple of 27?
True
Is (76/16 + -4)/((-14590)/4864 - -3) a multiple of 122?
False
Suppose -3*f + 111 + 1104 = 0. Suppose 0*k + 395 = 3*k + 5*b, 3*b - f = -3*k. Is k a multiple of 4?
True
Let y(a) = -45*a - 21. Suppose -33*p = 185 - 119. Does 13 divide y(p)?
False
Suppose 9*p - s + 50 = 14*p, -20 = -2*p + 5*s. Does 42 divide 34/85 + 5456/p?
True
Let k(p) = -p**2 + 172*p - 5142. Is k(86) a multiple of 161?
True
Suppose 4*o - s - 713 = 0, 5*o - 41 - 852 = 3*s. Let y = -18 + o. Is y a multiple of 7?
False
Suppose -4*b + 3*n + 31 = -2*n, 2*b - 5 = -n. Suppose 0 = 3*o + 4*t - 80 + 31, -b*o + 97 = -t. Is o a multiple of 19?
False
Does 62 divide 795*23 + (-4)/(4 + -5) + 1?
True
Suppose -12*w + 540 = 3*w. Suppose -5*o + o + 46 = 3*c, -2*o + 58 = 5*c. Let a = w - c. Is a a multiple of 15?
False
Let b be (6/36*6)/(-1). Is 11 a factor of (-108)/27 - (-158 - b)?
False
Is (-2825620)/(-196) + (-3)/7 a multiple of 212?
True
Suppose -24*r = -6597 - 19251. Suppose -4*b + 5*y + r = -2001, -y - 3858 = -5*b. Is b a multiple of 87?
False
Let g = -638 - -1053. Let a = g + -399. Does 4 divide a?
True
Let o(r) = -60*r**2 + 24*r - 38. Let b be o(6). Is b/(-156) + 0 + (-1)/6 a multiple of 13?
True
Suppose v - 649 + 14 = 0. Suppose 0 = -u - 2*u - 5*b + 379, 5*u = -5*b + v. Suppose -11*l = -3*l - u. Does 6 divide l?
False
Suppose 16*d - 107023 = 127113 + 86536. Does 10 divide d?
False
Is 98 a factor of -19476*((-1)/6 - 54/324)?
False
Let h = 8889 + -6993. Is 6 a factor of h?
True
Let d(r) be the first derivative of r**4/4 + r**3/3 + 504*r - 97. Is d(0) a multiple of 36?
True
Let q(p) = -3*p + 696 - 709 + 14*p. Is 8 a factor of q(14)?
False
Let i = 294 + 616. Let x = 1164 + i. Is 14 a factor of x?
False
Let u be (8/6)/((-16)/(-2376)). Let m = 307 - u. Is 26 a factor of m?
False
Suppose -336 = 3*g - 4*a - 134, 0 = -3*g - a - 197. Let z = g - -85. Is z a multiple of 5?
False
Let a = -608 + -134. Let v = -104 - a. Does 19 divide v?
False
Suppose -46*h + 41*h + 5*k = -5235, -3*h = 3*k - 3159. Is 25 a factor of h?
True
Let c(v) = -3*v**2 - 5*v - 3*v - 7 + 2*v**2. Let k be c(-8). Let w(m) = 4*m**2 - 4*m + 1. Does 45 divide w(k)?
True
Let v = 162 - 154. Suppose 0 = -v*b + 980 + 316. Is b a multiple of 9?
True
Suppose -3*c + 1489 + 1269 = -2*i, 2*c - 4*i - 1828 = 0. Suppose 86 - c = -11*a. Is a a multiple of 4?
True
Suppose 8 = -4*j, -j = -5*i - 0*j - 198. Let l = 42 + i. Is 466/10 + ((-6)/5)/l a multiple of 11?
False
Let p(v) = -v**2 + 115*v - 571. Is 6 a factor of p(54)?
False
Suppose -8*f + 8735 = -56841. Is f a multiple of 94?
False
Does 23 divide (-2413148)/(-40) - (81/30 + -3)?
True
Let n(v) = -v**3 - 8*v**2 - 11*v + 3. Let g be n(-3). Is 3/g + (-9230)/(-15)*1 a multiple of 54?
False
Suppose 3*b + 31 = 4*b + 2*r, 0 = -5*r - 20. Suppose 0 = 5*s - 2*m - 208, 2*s + 2*m = s + 44. Let k = s + b. Is 26 a factor o